{"id":1905,"date":"2018-02-20T13:31:27","date_gmt":"2018-02-20T12:31:27","guid":{"rendered":"http:\/\/plavaniemalacky.sk\/?page_id=1905"},"modified":"2026-01-09T18:17:59","modified_gmt":"2026-01-09T17:17:59","slug":"rozvrh-kurzov","status":"publish","type":"page","link":"https:\/\/plavaniemalacky.sk\/index.php\/rozvrh-kurzov\/","title":{"rendered":"rozvrh\/cena kurzu"},"content":{"rendered":"<p><section id=\"bt_bb_section69eccb5baa64e\" class=\"bt_bb_section bt_bb_layout_boxed_1200 bt_bb_vertical_align_top bt_bb_top_spacing_extra_small\"  data-bt-override-class=\"null\"><div class=\"bt_bb_port\"><div class=\"bt_bb_cell\"><div class=\"bt_bb_cell_inner\"><div class=\"bt_bb_row \"  data-bt-override-class=\"{}\"><div class=\"bt_bb_row_holder\" ><div  class=\"bt_bb_column col-xxl-12 col-xl-12 bt_bb_vertical_align_top bt_bb_align_left bt_bb_padding_normal\" style=\"; --column-width:12;\" data-width=\"12\" data-bt-override-class=\"{}\"><div class=\"bt_bb_column_content\"><div class=\"bt_bb_column_content_inner\"><div  class=\"bt_bb_text\" ><\/p>\n<p>Ni\u017e\u0161ie n\u00e1jdete rozvrh a v\u00fd\u0161ku \u010dlensk\u00e9ho poplatku pre pr\u00edslu\u0161n\u00e9 kurzy s periodicitou <strong>1x\/t\u00fd\u017ede\u0148 <\/strong>(z\u00e1klad)<strong><br \/><\/strong>Pri kombin\u00e1ci\u00ed dvoch alebo viacer\u00fdch term\u00ednov sa uplat\u0148uje <strong>20% z\u013eava<\/strong> zo s\u00fa\u010dtu jednotliv\u00fdch \u010dlensk\u00fdch poplatkov (<em>pr\u00edklad \u2013 deti C1 1x\/t\u00fd\u017ede\u0148 = 215\u20ac , pri kurze 2x\/t\u00fd\u017ede\u0148 tj. <span style=\"text-decoration: underline;\">2x 215 -20%<\/span> bude \u010dlensk\u00e9 344\u20ac<\/em>).<br \/>V pr\u00edpade ak sa k n\u00e1m prihl\u00e1site v priebehu roka (krat\u0161ia doba trvania \u010dlenstva), v\u00fd\u0161ka \u010dlensk\u00e9ho poplatku sa alikv\u00f3tne zni\u017euje o neabsolvovan\u00e9 hodiny.<br \/>Ak ste si z rozvrhu vybrali vhodn\u00fd term\u00edn konkr\u00e9tneho kurzu, m\u00f4\u017ete vyplni\u0165 online prihl\u00e1\u0161ku, ktor\u00fa n\u00e1jdete na na\u0161om <strong><a href=\"https:\/\/plavaniemalacky.sk\/index.php\/prihlaska\/\">webe<\/a><\/strong>.<br \/>Pravidl\u00e1 klubu, mo\u017enosti a princ\u00edp n\u00e1hradn\u00fdch hod\u00edn, ako aj in\u00e9 d\u00f4le\u017eit\u00e9 inform\u00e1cie n\u00e1jdete v na\u0161ich <strong><a href=\"https:\/\/plavaniemalacky.sk\/index.php\/pravidla\/\">pravidl\u00e1ch\/podmienkach<\/a><\/strong>.<br \/><span style=\"color: #000000;\"><em>* V pr\u00edpade ak nestihnete za\u010diatok, je mo\u017en\u00e9 sa k n\u00e1m prida\u0165 aj dodato\u010dne so zn\u00ed\u017een\u00fdm \u010dlensk\u00fdm poplatkom.<\/em><\/span><\/p>\n<p><strong>I. polrok \u2013 kon\u010d\u00ed 29. janu\u00e1ra 2026<br \/><\/strong>30.1. &#8211; 5.2. plaveck\u00e9 pr\u00e1zdniny<\/p>\n<p><strong>II. polrok \u2013 od 6. febru\u00e1ra do 26. j\u00fana 2026<br \/>\u26a0\ufe0ftr\u00e9ningy neprebiehaj\u00fa:<\/strong> 14.2. \u2013 21.2. (jarn\u00e9 pr\u00e1zdniny) ; 2.4. \u2013 7.4. (Ve\u013ekono\u010dn\u00e9 pr\u00e1zdniny) ; 1. m\u00e1j (sviatok)<\/p>\n<table class=\"header-text\" border=\"1\" width=\"600\" cellspacing=\"0\" cellpadding=\"1\">\n<tbody>\n<tr>\n<td width=\"300\"><strong>DETI A ML\u00c1DE\u017d (od 5 rokov)<\/strong><\/td>\n<td width=\"330\">term\u00edny<\/td>\n<td style=\"text-align: center;\" width=\"70\">\u010dlensk\u00e9<\/td>\n<\/tr>\n<tr>\n<td>(A) Za\u010diato\u010dn\u00edci +<br \/>(B) Z\u00e1kladn\u00fd plaveck\u00fd v\u00fdcvik<\/td>\n<td><strong>PONDELOK<\/strong>: 16.00\u201317.00 | 17.00\u201318.00<br \/><strong>UTOROK<\/strong>: 16.00\u201317.00 | 17.00\u201318.00<br \/><strong>STREDA<\/strong>: 16.00\u201317.00<strong>\u00a0<\/strong>| 17.00\u201318.00<br \/><strong>PIATOK<\/strong>: 16.00\u201317.00<strong>\u00a0<\/strong>| 17.00\u201318.00<br \/><strong>NEDELA<\/strong>: 16.00\u201317.00| 17.00\u201318.00<\/td>\n<td>\n<p align=\"center\"><strong>\u00a0245\u20ac<\/strong><\/p>\n<\/td>\n<\/tr>\n<tr>\n<td>(C) Zdokona\u013eovac\u00ed plaveck\u00fd v\u00fdcvik<br \/>\u00farove\u0148 I. \/ \u00farove\u0148 II.<\/td>\n<td><strong>PONDELOK<\/strong>: 15.00\u201316.00 | 16.00\u201317.00 | 17.00\u201318.00 | 18.00\u201319.00<br \/><strong>UTOROK<\/strong>: 16.00\u201317.00 | 17.00\u201318.00 | 18.00\u201319.00<br \/><strong>STREDA<\/strong>: 15.00\u201316.00 | 16.00\u201317.00 | 17.00\u201318.00 | 18.00\u201319.00<br \/><strong>PIATOK<\/strong>: 16.00\u201317.00 | 17.00\u201318.00<br \/><strong>NEDELA<\/strong>: 16.00\u201317.00 | 17.00\u201318.00 | 18.00\u201319.00<\/td>\n<td style=\"text-align: center;\"><strong>\u00a0 225\u20ac<\/strong><\/td>\n<\/tr>\n<tr>\n<td><strong>DOSPEL\u00cd<\/strong><\/td>\n<td>term\u00edny<\/td>\n<td>\u010dlensk\u00e9<\/td>\n<\/tr>\n<tr>\n<td>(N) Neplavci \u2013 za\u010diato\u010dn\u00edci<\/td>\n<td><strong>PONDELOK<\/strong>: 18.00\u201319.00 | 19.00 \u2013 20.00<br \/><strong>STREDA<\/strong>: 18.00\u201319.00 | 19.00 \u2013 20.00<br \/><strong>NEDELA<\/strong>: 17.00\u201318.00 | 18.00\u201319.00<\/td>\n<td>\n<p align=\"center\"><strong>\u00a0245\u20ac<\/strong><\/p>\n<\/td>\n<\/tr>\n<tr>\n<td>(K2, K1) Zdokona\u013eovac\u00ed plaveck\u00fd v\u00fdcvik (kondi\u010dn\u00e1 \u00farove\u0148, rekrea\u010dn\u00e1 \u00farove\u0148)<\/td>\n<td><strong>PONDELOK<\/strong>: 18.00\u201319.00 | 19.00 \u2013 20.00<br \/><strong>STREDA<\/strong>:\u00a0 18.00\u201319.00 | 19.00 \u2013 20.00<br \/><strong>NEDELA<\/strong>: 17.00\u201318.00 | 18.00\u201319.00<\/td>\n<td>\n<p align=\"center\"><strong>\u00a0225\u20ac<\/strong><\/p>\n<\/td>\n<\/tr>\n<\/tbody>\n<\/table>\n<p>Ak m\u00e1te m\u00e1te dodato\u010dn\u00e9 ot\u00e1zky, nev\u00e1hajte n\u00e1s kontaktova\u0165. M\u00f4\u017ete n\u00e1m nap\u00edsa\u0165 aj cez Whatsup. Te\u0161\u00edme sa na V\u00e1s!<\/p>\n<p>\n<\/div><\/div><\/div><\/div><\/div><\/div><\/div><!-- cell_inner --><\/div><!-- cell --><\/div><!-- port --><\/section><section id=\"bt_bb_section69eccb5bab177\" class=\"bt_bb_section bt_bb_layout_boxed_1200 bt_bb_vertical_align_top bt_bb_top_spacing_extra_small bt_bb_bottom_spacing_extra_small\"  data-bt-override-class=\"null\"><div class=\"bt_bb_port\"><div class=\"bt_bb_cell\"><div class=\"bt_bb_cell_inner\"><div class=\"bt_bb_row \"  data-bt-override-class=\"{}\"><div class=\"bt_bb_row_holder\" ><div  class=\"bt_bb_column col-xxl-3 col-xl-3 bt_bb_vertical_align_top bt_bb_align_center bt_bb_padding_normal bt_bb_animation_fade_in animate\" style=\"; --column-width:3;\" data-width=\"3\" data-bt-override-class=\"{}\"><div class=\"bt_bb_column_content\"><div class=\"bt_bb_column_content_inner\"><div class=\"bt_bb_service bt_bb_color_scheme_6 bt_bb_style_filled-border bt_bb_size_large bt_bb_shape_circle bt_bb_target_self bt_bb_align_inherit bt_bb_style_filled bt_bb_style_border\" style=\"; --primary-color:#ffffff; --secondary-color:#2b347e;\" data-bt-override-class=\"{}\"><a href=\"#\"  target=\"_self\"  title=\"VST\u00daPTE DO KLUBU\"  data-ico-pool=\"&#xf11b;\" class=\"bt_bb_icon_holder\"><\/a><div class=\"bt_bb_service_content\"><div class=\"bt_bb_service_content_title\"><a href=\"#\" target=\"_self\" title=\"VST\u00daPTE DO KLUBU\">VST\u00daPTE DO KLUBU<\/a><\/div><div class=\"bt_bb_service_content_text\">mo\u017enos\u0165 vst\u00fapi\u0165 do prebiehaj\u00faceho kurzu zaplaten\u00edm alikv\u00f3tnej \u010diastky<\/div><\/div><\/div><div class=\"bt_bb_separator bt_bb_border_style_none bt_bb_bottom_spacing_medium\" data-bt-override-class=\"null\"><\/div><\/div><\/div><\/div><div  class=\"bt_bb_column col-xxl-3 col-xl-3 bt_bb_vertical_align_top bt_bb_align_center bt_bb_padding_normal bt_bb_animation_fade_in animate\" style=\"; --column-width:3;\" data-width=\"3\" data-bt-override-class=\"{}\"><div class=\"bt_bb_column_content\"><div class=\"bt_bb_column_content_inner\"><div class=\"bt_bb_service bt_bb_color_scheme_6 bt_bb_style_filled-border bt_bb_size_large bt_bb_shape_circle bt_bb_target_self bt_bb_align_inherit bt_bb_style_filled bt_bb_style_border\" style=\"; --primary-color:#ffffff; --secondary-color:#2b347e;\" data-bt-override-class=\"{}\"><a href=\"#\"  target=\"_self\"  title=\"N\u00c1HRADA\"  data-ico-pool=\"&#xf12a;\" class=\"bt_bb_icon_holder\"><\/a><div class=\"bt_bb_service_content\"><div class=\"bt_bb_service_content_title\"><a href=\"#\" target=\"_self\" title=\"N\u00c1HRADA\">N\u00c1HRADA<\/a><\/div><div class=\"bt_bb_service_content_text\">mo\u017enos\u0165 n\u00e1hradn\u00fdch hod\u00edn za nepr\u00edtomnos\u0165 na hodine<\/div><\/div><\/div><div class=\"bt_bb_separator bt_bb_border_style_none bt_bb_bottom_spacing_medium\" data-bt-override-class=\"null\"><\/div><\/div><\/div><\/div><div  class=\"bt_bb_column col-xxl-3 col-xl-3 bt_bb_vertical_align_top bt_bb_align_center bt_bb_padding_normal bt_bb_animation_fade_in animate\" style=\"; --column-width:3;\" data-width=\"3\" data-bt-override-class=\"{}\"><div class=\"bt_bb_column_content\"><div class=\"bt_bb_column_content_inner\"><div class=\"bt_bb_service bt_bb_color_scheme_6 bt_bb_style_filled-border bt_bb_size_large bt_bb_shape_circle bt_bb_target_self bt_bb_align_inherit bt_bb_style_filled bt_bb_style_border\" style=\"; --primary-color:#ffffff; --secondary-color:#2b347e;\" data-bt-override-class=\"{}\"><a href=\"#\"  target=\"_self\"  title=\"ODMENA A MOTIV\u00c1CIA\"  data-ico-pool=\"&#xf123;\" class=\"bt_bb_icon_holder\"><\/a><div class=\"bt_bb_service_content\"><div class=\"bt_bb_service_content_title\"><a href=\"#\" target=\"_self\" title=\"ODMENA A MOTIV\u00c1CIA\">ODMENA A MOTIV\u00c1CIA<\/a><\/div><div class=\"bt_bb_service_content_text\">medaila a diplom pre deti po ukon\u010den\u00ed plaveck\u00e9ho kurzu<\/div><\/div><\/div><div class=\"bt_bb_separator bt_bb_border_style_none bt_bb_bottom_spacing_medium\" data-bt-override-class=\"null\"><\/div><\/div><\/div><\/div><div  class=\"bt_bb_column col-xxl-3 col-xl-3 bt_bb_vertical_align_top bt_bb_align_center bt_bb_padding_normal bt_bb_animation_fade_in animate\" style=\"; --column-width:3;\" data-width=\"3\" data-bt-override-class=\"{}\"><div class=\"bt_bb_column_content\"><div class=\"bt_bb_column_content_inner\"><div class=\"bt_bb_service bt_bb_color_scheme_6 bt_bb_style_filled-border bt_bb_size_large bt_bb_shape_circle bt_bb_target_self bt_bb_align_inherit bt_bb_style_filled bt_bb_style_border\" style=\"; --primary-color:#ffffff; --secondary-color:#2b347e;\" data-bt-override-class=\"{}\"><a href=\"#\"  target=\"_self\"  title=\"V\u00ddKONNOSTN\u00c9 PL\u00c1VANIE\"  data-ico-pool=\"&#xf12c;\" class=\"bt_bb_icon_holder\"><\/a><div class=\"bt_bb_service_content\"><div class=\"bt_bb_service_content_title\"><a href=\"#\" target=\"_self\" title=\"V\u00ddKONNOSTN\u00c9 PL\u00c1VANIE\">V\u00ddKONNOSTN\u00c9 PL\u00c1VANIE<\/a><\/div><div class=\"bt_bb_service_content_text\">mo\u017enos\u0165 postupu do \u0161portov\u00e9ho oddielu v\u00fdkonnostn\u00e9ho pl\u00e1vania<\/div><\/div><\/div><div class=\"bt_bb_separator bt_bb_border_style_none bt_bb_bottom_spacing_medium\" data-bt-override-class=\"null\"><\/div><\/div><\/div><\/div><\/div><\/div><\/div><!-- cell_inner --><\/div><!-- cell --><\/div><!-- port --><\/section><\/p>\n","protected":false},"excerpt":{"rendered":"","protected":false},"author":1,"featured_media":0,"parent":0,"menu_order":0,"comment_status":"closed","ping_status":"closed","template":"","meta":{"_monsterinsights_skip_tracking":false,"_monsterinsights_sitenote_active":false,"_monsterinsights_sitenote_note":"","_monsterinsights_sitenote_category":0,"footnotes":""},"class_list":["post-1905","page","type-page","status-publish","hentry"],"yoast_head":"<!-- This site is optimized with the Yoast SEO plugin v27.4 - https:\/\/yoast.com\/product\/yoast-seo-wordpress\/ -->\n<title>rozvrh\/cena kurzu - KV\u0160 OCE\u00c1N MALACKY - pl\u00e1vanie pre deti, ml\u00e1de\u017e aj dospel\u00fdch<\/title>\n<meta name=\"robots\" content=\"index, follow, max-snippet:-1, max-image-preview:large, max-video-preview:-1\" \/>\n<link rel=\"canonical\" href=\"https:\/\/plavaniemalacky.sk\/index.php\/rozvrh-kurzov\/\" \/>\n<meta property=\"og:locale\" content=\"sk_SK\" \/>\n<meta property=\"og:type\" content=\"article\" \/>\n<meta property=\"og:title\" content=\"rozvrh\/cena kurzu - KV\u0160 OCE\u00c1N MALACKY - pl\u00e1vanie pre deti, ml\u00e1de\u017e aj dospel\u00fdch\" \/>\n<meta property=\"og:url\" content=\"https:\/\/plavaniemalacky.sk\/index.php\/rozvrh-kurzov\/\" \/>\n<meta property=\"og:site_name\" content=\"KV\u0160 OCE\u00c1N MALACKY - pl\u00e1vanie pre deti, ml\u00e1de\u017e aj dospel\u00fdch\" \/>\n<meta property=\"article:publisher\" content=\"https:\/\/www.facebook.com\/kvsoceanmalacky\/\" \/>\n<meta property=\"article:modified_time\" content=\"2026-01-09T17:17:59+00:00\" \/>\n<meta name=\"twitter:card\" content=\"summary_large_image\" \/>\n<meta name=\"twitter:label1\" content=\"Predpokladan\u00fd \u010das \u010d\u00edtania\" \/>\n\t<meta name=\"twitter:data1\" content=\"3 min\u00faty\" \/>\n<script type=\"application\/ld+json\" class=\"yoast-schema-graph\">{\"@context\":\"https:\\\/\\\/schema.org\",\"@graph\":[{\"@type\":\"WebPage\",\"@id\":\"https:\\\/\\\/plavaniemalacky.sk\\\/index.php\\\/rozvrh-kurzov\\\/\",\"url\":\"https:\\\/\\\/plavaniemalacky.sk\\\/index.php\\\/rozvrh-kurzov\\\/\",\"name\":\"rozvrh\\\/cena kurzu - KV\u0160 OCE\u00c1N MALACKY - pl\u00e1vanie pre deti, ml\u00e1de\u017e aj dospel\u00fdch\",\"isPartOf\":{\"@id\":\"https:\\\/\\\/plavaniemalacky.sk\\\/#website\"},\"datePublished\":\"2018-02-20T12:31:27+00:00\",\"dateModified\":\"2026-01-09T17:17:59+00:00\",\"breadcrumb\":{\"@id\":\"https:\\\/\\\/plavaniemalacky.sk\\\/index.php\\\/rozvrh-kurzov\\\/#breadcrumb\"},\"inLanguage\":\"sk-SK\",\"potentialAction\":[{\"@type\":\"ReadAction\",\"target\":[\"https:\\\/\\\/plavaniemalacky.sk\\\/index.php\\\/rozvrh-kurzov\\\/\"]}]},{\"@type\":\"BreadcrumbList\",\"@id\":\"https:\\\/\\\/plavaniemalacky.sk\\\/index.php\\\/rozvrh-kurzov\\\/#breadcrumb\",\"itemListElement\":[{\"@type\":\"ListItem\",\"position\":1,\"name\":\"Home\",\"item\":\"https:\\\/\\\/plavaniemalacky.sk\\\/\"},{\"@type\":\"ListItem\",\"position\":2,\"name\":\"rozvrh\\\/cena kurzu\"}]},{\"@type\":\"WebSite\",\"@id\":\"https:\\\/\\\/plavaniemalacky.sk\\\/#website\",\"url\":\"https:\\\/\\\/plavaniemalacky.sk\\\/\",\"name\":\"KV\u0160 OCE\u00c1N MALACKY - pl\u00e1vanie pre deti, ml\u00e1de\u017e aj dospel\u00fdch\",\"description\":\"plaveck\u00e9 kurzy v Malack\u00e1ch\",\"publisher\":{\"@id\":\"https:\\\/\\\/plavaniemalacky.sk\\\/#organization\"},\"potentialAction\":[{\"@type\":\"SearchAction\",\"target\":{\"@type\":\"EntryPoint\",\"urlTemplate\":\"https:\\\/\\\/plavaniemalacky.sk\\\/?s={search_term_string}\"},\"query-input\":{\"@type\":\"PropertyValueSpecification\",\"valueRequired\":true,\"valueName\":\"search_term_string\"}}],\"inLanguage\":\"sk-SK\"},{\"@type\":\"Organization\",\"@id\":\"https:\\\/\\\/plavaniemalacky.sk\\\/#organization\",\"name\":\"KV\u0160 OCE\u00c1N MALACKY\",\"url\":\"https:\\\/\\\/plavaniemalacky.sk\\\/\",\"logo\":{\"@type\":\"ImageObject\",\"inLanguage\":\"sk-SK\",\"@id\":\"https:\\\/\\\/plavaniemalacky.sk\\\/#\\\/schema\\\/logo\\\/image\\\/\",\"url\":\"https:\\\/\\\/plavaniemalacky.sk\\\/wp-content\\\/uploads\\\/2018\\\/02\\\/Logo-OCEAN-Cerveny-lem-pisma-final1.png\",\"contentUrl\":\"https:\\\/\\\/plavaniemalacky.sk\\\/wp-content\\\/uploads\\\/2018\\\/02\\\/Logo-OCEAN-Cerveny-lem-pisma-final1.png\",\"width\":1833,\"height\":1833,\"caption\":\"KV\u0160 OCE\u00c1N MALACKY\"},\"image\":{\"@id\":\"https:\\\/\\\/plavaniemalacky.sk\\\/#\\\/schema\\\/logo\\\/image\\\/\"},\"sameAs\":[\"https:\\\/\\\/www.facebook.com\\\/kvsoceanmalacky\\\/\"]}]}<\/script>\n<!-- \/ Yoast SEO plugin. -->","yoast_head_json":{"title":"rozvrh\/cena kurzu - KV\u0160 OCE\u00c1N MALACKY - pl\u00e1vanie pre deti, ml\u00e1de\u017e aj dospel\u00fdch","robots":{"index":"index","follow":"follow","max-snippet":"max-snippet:-1","max-image-preview":"max-image-preview:large","max-video-preview":"max-video-preview:-1"},"canonical":"https:\/\/plavaniemalacky.sk\/index.php\/rozvrh-kurzov\/","og_locale":"sk_SK","og_type":"article","og_title":"rozvrh\/cena kurzu - KV\u0160 OCE\u00c1N MALACKY - pl\u00e1vanie pre deti, ml\u00e1de\u017e aj dospel\u00fdch","og_url":"https:\/\/plavaniemalacky.sk\/index.php\/rozvrh-kurzov\/","og_site_name":"KV\u0160 OCE\u00c1N MALACKY - pl\u00e1vanie pre deti, ml\u00e1de\u017e aj dospel\u00fdch","article_publisher":"https:\/\/www.facebook.com\/kvsoceanmalacky\/","article_modified_time":"2026-01-09T17:17:59+00:00","twitter_card":"summary_large_image","twitter_misc":{"Predpokladan\u00fd \u010das \u010d\u00edtania":"3 min\u00faty"},"schema":{"@context":"https:\/\/schema.org","@graph":[{"@type":"WebPage","@id":"https:\/\/plavaniemalacky.sk\/index.php\/rozvrh-kurzov\/","url":"https:\/\/plavaniemalacky.sk\/index.php\/rozvrh-kurzov\/","name":"rozvrh\/cena kurzu - KV\u0160 OCE\u00c1N MALACKY - pl\u00e1vanie pre deti, ml\u00e1de\u017e aj dospel\u00fdch","isPartOf":{"@id":"https:\/\/plavaniemalacky.sk\/#website"},"datePublished":"2018-02-20T12:31:27+00:00","dateModified":"2026-01-09T17:17:59+00:00","breadcrumb":{"@id":"https:\/\/plavaniemalacky.sk\/index.php\/rozvrh-kurzov\/#breadcrumb"},"inLanguage":"sk-SK","potentialAction":[{"@type":"ReadAction","target":["https:\/\/plavaniemalacky.sk\/index.php\/rozvrh-kurzov\/"]}]},{"@type":"BreadcrumbList","@id":"https:\/\/plavaniemalacky.sk\/index.php\/rozvrh-kurzov\/#breadcrumb","itemListElement":[{"@type":"ListItem","position":1,"name":"Home","item":"https:\/\/plavaniemalacky.sk\/"},{"@type":"ListItem","position":2,"name":"rozvrh\/cena kurzu"}]},{"@type":"WebSite","@id":"https:\/\/plavaniemalacky.sk\/#website","url":"https:\/\/plavaniemalacky.sk\/","name":"KV\u0160 OCE\u00c1N MALACKY - pl\u00e1vanie pre deti, ml\u00e1de\u017e aj dospel\u00fdch","description":"plaveck\u00e9 kurzy v Malack\u00e1ch","publisher":{"@id":"https:\/\/plavaniemalacky.sk\/#organization"},"potentialAction":[{"@type":"SearchAction","target":{"@type":"EntryPoint","urlTemplate":"https:\/\/plavaniemalacky.sk\/?s={search_term_string}"},"query-input":{"@type":"PropertyValueSpecification","valueRequired":true,"valueName":"search_term_string"}}],"inLanguage":"sk-SK"},{"@type":"Organization","@id":"https:\/\/plavaniemalacky.sk\/#organization","name":"KV\u0160 OCE\u00c1N MALACKY","url":"https:\/\/plavaniemalacky.sk\/","logo":{"@type":"ImageObject","inLanguage":"sk-SK","@id":"https:\/\/plavaniemalacky.sk\/#\/schema\/logo\/image\/","url":"https:\/\/plavaniemalacky.sk\/wp-content\/uploads\/2018\/02\/Logo-OCEAN-Cerveny-lem-pisma-final1.png","contentUrl":"https:\/\/plavaniemalacky.sk\/wp-content\/uploads\/2018\/02\/Logo-OCEAN-Cerveny-lem-pisma-final1.png","width":1833,"height":1833,"caption":"KV\u0160 OCE\u00c1N MALACKY"},"image":{"@id":"https:\/\/plavaniemalacky.sk\/#\/schema\/logo\/image\/"},"sameAs":["https:\/\/www.facebook.com\/kvsoceanmalacky\/"]}]}},"_links":{"self":[{"href":"https:\/\/plavaniemalacky.sk\/index.php\/wp-json\/wp\/v2\/pages\/1905","targetHints":{"allow":["GET"]}}],"collection":[{"href":"https:\/\/plavaniemalacky.sk\/index.php\/wp-json\/wp\/v2\/pages"}],"about":[{"href":"https:\/\/plavaniemalacky.sk\/index.php\/wp-json\/wp\/v2\/types\/page"}],"author":[{"embeddable":true,"href":"https:\/\/plavaniemalacky.sk\/index.php\/wp-json\/wp\/v2\/users\/1"}],"replies":[{"embeddable":true,"href":"https:\/\/plavaniemalacky.sk\/index.php\/wp-json\/wp\/v2\/comments?post=1905"}],"version-history":[{"count":7,"href":"https:\/\/plavaniemalacky.sk\/index.php\/wp-json\/wp\/v2\/pages\/1905\/revisions"}],"predecessor-version":[{"id":2683,"href":"https:\/\/plavaniemalacky.sk\/index.php\/wp-json\/wp\/v2\/pages\/1905\/revisions\/2683"}],"wp:attachment":[{"href":"https:\/\/plavaniemalacky.sk\/index.php\/wp-json\/wp\/v2\/media?parent=1905"}],"curies":[{"name":"wp","href":"https:\/\/api.w.org\/{rel}","templated":true}]}}